{"id":140,"date":"2024-09-18T13:52:16","date_gmt":"2024-09-18T13:52:16","guid":{"rendered":"https:\/\/goldnet.net.pl\/wordpress\/?page_id=140"},"modified":"2024-12-17T20:32:11","modified_gmt":"2024-12-17T20:32:11","slug":"strefa-klienta","status":"publish","type":"page","link":"https:\/\/www.goldnet.net.pl\/wordpress\/strefa-klienta\/","title":{"rendered":"Strefa Abonenta"},"content":{"rendered":"<div class=\"container\">\n<div class=\"row\">\n<div class=\"col-md-12\">\u00a0<\/div>\n<\/div>\n<div class=\"row\">\n<div class=\"col-md-6\">\n<div class=\"well\"><form id=\"signup_form\" class=\"form-horizontal\" action=\"\/konto\" method=\"post\" name=\"signup_form\"><fieldset>\n<h2>Internetowe Biuro Obs\u0142ugi Klienta<\/h2>\n<p>Przygotuj\u00a0<strong>ID klienta<\/strong>\u00a0oraz\u00a0<strong>PIN<\/strong> niezb\u0119dne do zalogowania. Mo\u017cna je znale\u017a\u0107 na umowie.<\/p>\n<\/fieldset><\/form><\/div>\n<\/div>\n<div class=\"col-md-6\">\n<div class=\"well\"><form id=\"login_form\" class=\"form-horizontal\" action=\"https:\/\/bok.goldnet.net.pl\/?\" method=\"post\" name=\"login_form\"><fieldset><legend>Logowanie<\/legend>\n<div class=\"form_group row\">\n<div class=\"col-lg-12\">\u00a0<\/div>\n<\/div>\n<div class=\"form-group\"><label class=\"col-lg-3 control-label\" for=\"login_username\">Login<\/label>\n<div class=\"col-lg-9\"><input id=\"login_username\" class=\"form-control\" name=\"loginform[login]\" type=\"text\" value=\"\" placeholder=\"Nazwa uzytkownika\" \/><\/div>\n<\/div>\n<div class=\"form-group\"><label class=\"col-lg-3 control-label\" for=\"login_password\">Has\u0142o<\/label>\n<div class=\"col-lg-9\"><input id=\"login_password\" class=\"form-control\" name=\"loginform[pwd]\" type=\"password\" value=\"\" placeholder=\"Has\u0142o\" \/><\/div>\n<\/div>\n<div class=\"form-group\">\n<div class=\"col-lg-9 col-lg-offset-3\"><button class=\"btn btn-primary\" name=\"loginform[submit]\" type=\"submit\">Zaloguj<\/button><\/div>\n<\/div>\n<\/fieldset><\/form><\/div>\n<\/div>\n<\/div>\n<\/div>\n\n\n<p><\/p>\n\n\n\n<p><\/p>\n\n\n\n<p><a href=\"https:\/\/goldnet.net.pl\/\/wp-content\/uploads\/2024\/12\/Informacje_RODO.pdf\" data-type=\"attachment\" data-id=\"338\">Informacje_RODO<\/a><\/p>\n","protected":false},"excerpt":{"rendered":"<p>\u00a0 Internetowe Biuro Obs\u0142ugi Klienta Przygotuj\u00a0ID klienta\u00a0oraz\u00a0PIN niezb\u0119dne do zalogowania. Mo\u017cna je znale\u017a\u0107 na umowie. Logowanie \u00a0 Login Has\u0142o Zaloguj Informacje_RODO<\/p>\n","protected":false},"author":1,"featured_media":0,"parent":0,"menu_order":0,"comment_status":"closed","ping_status":"closed","template":"","meta":{"footnotes":""},"class_list":["post-140","page","type-page","status-publish","hentry"],"_links":{"self":[{"href":"https:\/\/www.goldnet.net.pl\/wordpress\/wp-json\/wp\/v2\/pages\/140","targetHints":{"allow":["GET"]}}],"collection":[{"href":"https:\/\/www.goldnet.net.pl\/wordpress\/wp-json\/wp\/v2\/pages"}],"about":[{"href":"https:\/\/www.goldnet.net.pl\/wordpress\/wp-json\/wp\/v2\/types\/page"}],"author":[{"embeddable":true,"href":"https:\/\/www.goldnet.net.pl\/wordpress\/wp-json\/wp\/v2\/users\/1"}],"replies":[{"embeddable":true,"href":"https:\/\/www.goldnet.net.pl\/wordpress\/wp-json\/wp\/v2\/comments?post=140"}],"version-history":[{"count":7,"href":"https:\/\/www.goldnet.net.pl\/wordpress\/wp-json\/wp\/v2\/pages\/140\/revisions"}],"predecessor-version":[{"id":343,"href":"https:\/\/www.goldnet.net.pl\/wordpress\/wp-json\/wp\/v2\/pages\/140\/revisions\/343"}],"wp:attachment":[{"href":"https:\/\/www.goldnet.net.pl\/wordpress\/wp-json\/wp\/v2\/media?parent=140"}],"curies":[{"name":"wp","href":"https:\/\/api.w.org\/{rel}","templated":true}]}}